{"id":1435,"date":"2022-05-18T10:18:56","date_gmt":"2022-05-18T14:18:56","guid":{"rendered":"https:\/\/twmg.net\/wealth\/?page_id=1435"},"modified":"2022-05-18T10:18:57","modified_gmt":"2022-05-18T14:18:57","slug":"choisir-twmg-inc","status":"publish","type":"page","link":"https:\/\/twmg.net\/wealth\/fr\/choisir-twmg-inc","title":{"rendered":"Choisir TWMG Inc."},"content":{"rendered":"\n<p>Chaque bateau a besoin d&#8217;un capitaine<\/p>\n\n\n\n<figure class=\"wp-block-image size-full\"><img loading=\"lazy\" width=\"600\" height=\"278\" src=\"https:\/\/twmg.net\/wealth\/wp-content\/uploads\/2022\/05\/every-ship-needs-a-captain-1.jpg\" alt=\"\" class=\"wp-image-1436\" srcset=\"https:\/\/twmg.net\/wealth\/wp-content\/uploads\/2022\/05\/every-ship-needs-a-captain-1.jpg 600w, https:\/\/twmg.net\/wealth\/wp-content\/uploads\/2022\/05\/every-ship-needs-a-captain-1-300x139.jpg 300w\" sizes=\"(max-width: 600px) 100vw, 600px\" \/><\/figure>\n\n\n\n<p>Peu importe vos objectifs et votre degr\u00e9 de connaissances. Un conseiller TWMG est un atout incontestable pour am\u00e9liorer tout portefeuille de placement.<\/p>\n\n\n\n<p><strong>Un professionnel de la finance, un \u00e9l\u00e9ment cl\u00e9 pour atteindre vos objectifs financiers<\/strong><\/p>\n\n\n\n<p>M\u00eame les \u00e9pargnants les plus exp\u00e9riment\u00e9s peuvent profiter des connaissances d\u2019un conseiller financier. L\u2019accumulation d\u2019actifs ne repr\u00e9sente qu\u2019une \u00e9tape d\u2019un plan financier exhaustif. Un professionnel de la finance peut vous aider \u00e0 \u00e9tablir vos priorit\u00e9s. g\u00e9rer vos flux de tr\u00e9sorerie et \u00e9laborer un plan fiscal et successoral articul\u00e9 pour qu\u2019une plus grande partie de vos actifs soient l\u00e9gu\u00e9s aux membres de votre famille. Peu importe vos objectifs et votre degr\u00e9 de connaissances. Un conseiller TWMG est un atout incontestable pour am\u00e9liorer tout portefeuille de placement.<\/p>\n\n\n\n<p><strong>Que peut faire un conseiller TWMG pour vous?<\/strong><\/p>\n\n\n\n<p>Gr\u00e2ce \u00e0 leur exp\u00e9rience th\u00e9orique et pratique, nos conseillers peuvent d\u00e9mystifier et rendre moins pr\u00e9occupante la planification de votre avenir financier. Leur t\u00e2che consiste \u00e0 :<\/p>\n\n\n\n<ul><li>\u00a0 \u00a0 \u00c9valuer votre situation financi\u00e8re globale actuelle<\/li><li>\u00a0 \u00a0 Vous aider \u00e0 mettre sur pied un plan exhaustif<\/li><li>\u00a0 \u00a0 Vous expliquer diff\u00e9rents types de placements, y compris les risques pouvant en d\u00e9couler, les avantages et les co\u00fbts<\/li><li>\u00a0 \u00a0 Sugg\u00e9rer un portefeuille de placement adapt\u00e9 \u00e0 vos besoins et objectifs<\/li><li>\u00a0 \u00a0 Vous aider \u00e0 \u00e9pargner en pr\u00e9vision des \u00e9tudes de vos enfants<\/li><li>\u00a0 \u00a0 Structurer vos placements de mani\u00e8re \u00e0 r\u00e9duire ou reporter les imp\u00f4ts<\/li><li>\u00a0 \u00a0 Vous aider \u00e0 prendre des d\u00e9cisions \u00e9clair\u00e9es pendant les p\u00e9riodes de volatilit\u00e9 des march\u00e9s<\/li><li>\u00a0 \u00a0 D\u00e9terminer si vous \u00eates sur la bonne voie pour atteindre vos objectifs financiers<\/li><li>\u00a0 \u00a0 Pr\u00e9voir votre revenu de retraite en coordonnant vos placements personnels, vos rentes et vos prestations gouvernementales<\/li><li>\u00a0 \u00a0 Vous guider dans l\u2019\u00e9laboration d\u2019un plan successoral<\/li><\/ul>\n\n\n\n<p><strong>\u00c9laborer une strat\u00e9gie<\/strong><\/p>\n\n\n\n<p>Une fois que notre conseiller a dress\u00e9 le bilan de votre situation financi\u00e8re, l\u2019\u00e9tape suivante consiste \u00e0 revoir vos objectifs et vos aspirations. Il peut s\u2019agir d\u2019acheter une maison, de rembourser vos dettes ou de planifier votre retraite. De plus, notre conseiller vous aidera \u00e0 d\u00e9finir vos valeurs et votre attitude envers le risque, car ces facteurs entreront en ligne de compte quand viendra le moment de d\u00e9cider quels placements vous conviennent le mieux.<\/p>\n\n\n\n<p>Lorsque notre conseiller aura \u00e9valu\u00e9 vos objectifs et votre tol\u00e9rance au risque, il vous fera ses recommandations par \u00e9crit sous forme de plan adapt\u00e9 \u00e0 vos besoins. Prenez le temps de bien l\u2019\u00e9tudier; encore une fois, n\u2019h\u00e9sitez pas \u00e0 poser des questions ou \u00e0 exprimer vos pr\u00e9occupations, le cas \u00e9ch\u00e9ant.<\/p>\n\n\n\n<p><strong>Tirer le maximum de vos rencontres<\/strong><\/p>\n\n\n\n<p>Ces rencontres sont ax\u00e9es sur vous. T\u00e2chez d\u2019arriver pr\u00e9par\u00e9 et n\u2019ayez pas peur de poser des questions. Un conseiller TWMG surveille les al\u00e9as du march\u00e9 et gagne sa vie en partageant son savoir.<\/p>\n\n\n\n<p>Sachez que notre conseiller aura aussi beaucoup de questions \u00e0 vous posez. Ces renseignements permettront \u00e0 notre conseiller d\u2019avoir une id\u00e9e nette et pr\u00e9cise de votre situation financi\u00e8re.<\/p>\n","protected":false},"excerpt":{"rendered":"<p>Chaque bateau a besoin d&#8217;un capitaine Peu importe vos objectifs et votre degr\u00e9 de connaissances.&hellip;<\/p>\n","protected":false},"author":1,"featured_media":0,"parent":0,"menu_order":0,"comment_status":"closed","ping_status":"closed","template":"","meta":[],"_links":{"self":[{"href":"https:\/\/twmg.net\/wealth\/wp-json\/wp\/v2\/pages\/1435"}],"collection":[{"href":"https:\/\/twmg.net\/wealth\/wp-json\/wp\/v2\/pages"}],"about":[{"href":"https:\/\/twmg.net\/wealth\/wp-json\/wp\/v2\/types\/page"}],"author":[{"embeddable":true,"href":"https:\/\/twmg.net\/wealth\/wp-json\/wp\/v2\/users\/1"}],"replies":[{"embeddable":true,"href":"https:\/\/twmg.net\/wealth\/wp-json\/wp\/v2\/comments?post=1435"}],"version-history":[{"count":1,"href":"https:\/\/twmg.net\/wealth\/wp-json\/wp\/v2\/pages\/1435\/revisions"}],"predecessor-version":[{"id":1437,"href":"https:\/\/twmg.net\/wealth\/wp-json\/wp\/v2\/pages\/1435\/revisions\/1437"}],"wp:attachment":[{"href":"https:\/\/twmg.net\/wealth\/wp-json\/wp\/v2\/media?parent=1435"}],"curies":[{"name":"wp","href":"https:\/\/api.w.org\/{rel}","templated":true}]}}