{"id":1264,"date":"2022-05-18T09:10:07","date_gmt":"2022-05-18T13:10:07","guid":{"rendered":"https:\/\/twmg.net\/wealth\/?page_id=1264"},"modified":"2022-05-19T08:54:35","modified_gmt":"2022-05-19T12:54:35","slug":"bibliotheque","status":"publish","type":"page","link":"https:\/\/twmg.net\/wealth\/fr\/bibliotheque","title":{"rendered":"Biblioth\u00e8que"},"content":{"rendered":"\n<figure class=\"wp-block-image size-full\"><img loading=\"lazy\" width=\"300\" height=\"300\" src=\"https:\/\/twmg.net\/wealth\/wp-content\/uploads\/2022\/05\/early.jpg\" alt=\"\" class=\"wp-image-1274\" srcset=\"https:\/\/twmg.net\/wealth\/wp-content\/uploads\/2022\/05\/early.jpg 300w, https:\/\/twmg.net\/wealth\/wp-content\/uploads\/2022\/05\/early-150x150.jpg 150w, https:\/\/twmg.net\/wealth\/wp-content\/uploads\/2022\/05\/early-92x92.jpg 92w\" sizes=\"(max-width: 300px) 100vw, 300px\" \/><\/figure>\n\n\n\n<p>L&#8217;Enfance<\/p>\n\n\n\n<p>Pour r\u00e9ussir, les jeunes d\u2019aujourd\u2019hui doivent, \u00e0 quelques exceptions pr\u00e8s, poursuivre des \u00e9tudes postsecondaires.<\/p>\n\n\n\n<figure class=\"wp-block-image size-full\"><img src=\"https:\/\/twmg.net\/wealth\/wp-content\/uploads\/2022\/05\/read-fr-1.jpg\" alt=\"\" class=\"wp-image-1269\"\/><\/figure>\n\n\n\n<figure class=\"wp-block-image size-full\"><img loading=\"lazy\" width=\"300\" height=\"300\" src=\"https:\/\/twmg.net\/wealth\/wp-content\/uploads\/2022\/05\/growing-1.jpg\" alt=\"\" class=\"wp-image-1371\" srcset=\"https:\/\/twmg.net\/wealth\/wp-content\/uploads\/2022\/05\/growing-1.jpg 300w, https:\/\/twmg.net\/wealth\/wp-content\/uploads\/2022\/05\/growing-1-150x150.jpg 150w, https:\/\/twmg.net\/wealth\/wp-content\/uploads\/2022\/05\/growing-1-92x92.jpg 92w\" sizes=\"(max-width: 300px) 100vw, 300px\" \/><\/figure>\n\n\n\n<p>Les Ann\u00e9es familiales<\/p>\n\n\n\n<p>La plupart des gens passent une grande partie de leur vie au travail.<\/p>\n\n\n\n<figure class=\"wp-block-image size-full\"><img src=\"https:\/\/twmg.net\/wealth\/wp-content\/uploads\/2022\/05\/read-fr-1.jpg\" alt=\"\" class=\"wp-image-1269\"\/><\/figure>\n\n\n\n<figure class=\"wp-block-image size-full\"><img loading=\"lazy\" width=\"300\" height=\"300\" src=\"https:\/\/twmg.net\/wealth\/wp-content\/uploads\/2022\/05\/retirement.jpg\" alt=\"\" class=\"wp-image-1395\" srcset=\"https:\/\/twmg.net\/wealth\/wp-content\/uploads\/2022\/05\/retirement.jpg 300w, https:\/\/twmg.net\/wealth\/wp-content\/uploads\/2022\/05\/retirement-150x150.jpg 150w, https:\/\/twmg.net\/wealth\/wp-content\/uploads\/2022\/05\/retirement-92x92.jpg 92w\" sizes=\"(max-width: 300px) 100vw, 300px\" \/><\/figure>\n\n\n\n<p>Les Ann\u00e9es familiales<\/p>\n\n\n\n<p>La plupart des gens passent une grande partie de leur vie au travail.<\/p>\n\n\n\n<figure class=\"wp-block-image size-full\"><img src=\"https:\/\/twmg.net\/wealth\/wp-content\/uploads\/2022\/05\/read-fr-1.jpg\" alt=\"\" class=\"wp-image-1269\"\/><\/figure>\n\n\n\n<figure class=\"wp-block-image size-full\"><img loading=\"lazy\" width=\"300\" height=\"300\" src=\"https:\/\/twmg.net\/wealth\/wp-content\/uploads\/2022\/05\/golden.jpg\" alt=\"\" class=\"wp-image-1367\" srcset=\"https:\/\/twmg.net\/wealth\/wp-content\/uploads\/2022\/05\/golden.jpg 300w, https:\/\/twmg.net\/wealth\/wp-content\/uploads\/2022\/05\/golden-150x150.jpg 150w, https:\/\/twmg.net\/wealth\/wp-content\/uploads\/2022\/05\/golden-92x92.jpg 92w\" sizes=\"(max-width: 300px) 100vw, 300px\" \/><\/figure>\n\n\n\n<p>L&#8217;\u00e2ge d&#8217;or<\/p>\n\n\n\n<p>La planification successorale constitue l\u2019un des sujets les plus d\u00e9licats, personne n\u2019aimant envisager son propre d\u00e9c\u00e8s ou celui d\u2019un \u00eatre cher.<\/p>\n\n\n\n<figure class=\"wp-block-image size-full\"><img src=\"https:\/\/twmg.net\/wealth\/wp-content\/uploads\/2022\/05\/read-fr-1.jpg\" alt=\"\" class=\"wp-image-1269\"\/><\/figure>\n","protected":false},"excerpt":{"rendered":"<p>L&#8217;Enfance Pour r\u00e9ussir, les jeunes d\u2019aujourd\u2019hui doivent, \u00e0 quelques exceptions pr\u00e8s, poursuivre des \u00e9tudes postsecondaires.&hellip;<\/p>\n","protected":false},"author":1,"featured_media":0,"parent":0,"menu_order":0,"comment_status":"closed","ping_status":"closed","template":"","meta":[],"_links":{"self":[{"href":"https:\/\/twmg.net\/wealth\/wp-json\/wp\/v2\/pages\/1264"}],"collection":[{"href":"https:\/\/twmg.net\/wealth\/wp-json\/wp\/v2\/pages"}],"about":[{"href":"https:\/\/twmg.net\/wealth\/wp-json\/wp\/v2\/types\/page"}],"author":[{"embeddable":true,"href":"https:\/\/twmg.net\/wealth\/wp-json\/wp\/v2\/users\/1"}],"replies":[{"embeddable":true,"href":"https:\/\/twmg.net\/wealth\/wp-json\/wp\/v2\/comments?post=1264"}],"version-history":[{"count":4,"href":"https:\/\/twmg.net\/wealth\/wp-json\/wp\/v2\/pages\/1264\/revisions"}],"predecessor-version":[{"id":1396,"href":"https:\/\/twmg.net\/wealth\/wp-json\/wp\/v2\/pages\/1264\/revisions\/1396"}],"wp:attachment":[{"href":"https:\/\/twmg.net\/wealth\/wp-json\/wp\/v2\/media?parent=1264"}],"curies":[{"name":"wp","href":"https:\/\/api.w.org\/{rel}","templated":true}]}}