{"id":362,"date":"2024-09-06T17:59:49","date_gmt":"2024-09-06T17:59:49","guid":{"rendered":"https:\/\/twmg.net\/partner-fr\/?page_id=362"},"modified":"2024-09-11T15:25:16","modified_gmt":"2024-09-11T15:25:16","slug":"about","status":"publish","type":"page","link":"https:\/\/twmg.net\/partner-fr\/about\/","title":{"rendered":"\u00c0 propos de nous"},"content":{"rendered":"\n<blockquote class=\"wp-block-quote is-layout-flow wp-block-quote-is-layout-flow\">\n<blockquote class=\"wp-block-quote is-layout-flow wp-block-quote-is-layout-flow\">\n<blockquote class=\"wp-block-quote is-layout-flow wp-block-quote-is-layout-flow\"><\/blockquote>\n<\/blockquote>\n<\/blockquote>\n\n\n\n<blockquote class=\"wp-block-quote is-layout-flow wp-block-quote-is-layout-flow\">\n<p class=\"has-medium-font-size\">TWMG Inc. est une entreprise de services financiers distingu\u00e9e, d\u00e9di\u00e9e \u00e0 la construction d\u2019un avenir financier solide, fond\u00e9e et dirig\u00e9e par une entrepreneuse visionnaire inspirante.<\/p>\n<\/blockquote>\n\n\n\n<p class=\"has-medium-font-size\">Notre soci\u00e9t\u00e9 propose des solutions financi\u00e8res compl\u00e8tes et repose sur les principes de l&#8217;amour, du service et de l&#8217;excellence, ce qui fait de nous un guichet unique pour tous vos besoins financiers.<\/p>\n\n\n\n<p class=\"has-medium-font-size\"><strong>Valeurs fondamentales<\/strong><\/p>\n\n\n\n<p class=\"has-medium-font-size\"><strong>Excellence :<\/strong> Nous visons l&#8217;excellence car nos clients sont au c\u0153ur de tout ce que nous faisons. Nous nous effor\u00e7ons de satisfaire par un service personnalis\u00e9 et des conseils d&#8217;experts.<\/p>\n\n\n\n<p class=\"has-medium-font-size\"><strong>Amour : <\/strong>Nous abordons chaque consultation avec un profond sens du soin et de l&#8217;engagement, veillant \u00e0 ce que nos actions apportent \u00e0 tous les membres une tranquillit\u00e9 d&#8217;esprit en sachant et en croyant qu&#8217;ils sont entre de bonnes mains.<\/p>\n\n\n\n<p class=\"has-medium-font-size\"><strong>Service : <\/strong>Notre d\u00e9vouement \u00e0 un service extraordinaire est in\u00e9branlable. Nous priorisons les besoins de nos clients et travaillons sans rel\u00e2che pour nous assurer qu&#8217;ils sont bien pris en charge.<\/p>\n\n\n\n<p class=\"has-medium-font-size\">En tant que guichet unique, la g\u00e9n\u00e9ration de prospects de TWMG Inc. est un processus qui m\u00eale ventes et marketing au sein de tout notre r\u00e9seau professionnel, afin d&#8217;attirer des clients potentiels vers nous et vers tout ce que nous offrons. Le but de la g\u00e9n\u00e9ration de prospects est de susciter l&#8217;int\u00e9r\u00eat des clients pour tous nos produits et services et de les convertir en clients fid\u00e8les.<\/p>\n\n\n\n<blockquote class=\"wp-block-quote has-medium-font-size is-layout-flow wp-block-quote-is-layout-flow\"><\/blockquote>\n\n\n\n<p class=\"has-medium-font-size\"><strong>CR\u00c9ONS UN SUCC\u00c8S DOUX ENSEMBLE<\/strong><\/p>\n\n\n\n<p class=\"has-medium-font-size\"><a href=\"https:\/\/twmg.net\/partner-fr\/contact\/\">Rejoignez notre r\u00e9seau<\/a> en <a href=\"https:\/\/twmg.net\/partner-fr\/investissements\u00e9\">investissements<\/a> ou d&#8217;autres <a href=\"https:\/\/twmg.net\/partner-fr\/professionnels\/\">professionnels<\/a><\/p>\n","protected":false},"excerpt":{"rendered":"<p>TWMG Inc. est une entreprise de services financiers distingu\u00e9e, d\u00e9di\u00e9e \u00e0 la construction d\u2019un avenir financier solide, fond\u00e9e et dirig\u00e9e par une entrepreneuse visionnaire inspirante. Notre soci\u00e9t\u00e9 propose des solutions financi\u00e8res compl\u00e8tes et repose sur les principes de l&#8217;amour, du service et de l&#8217;excellence, ce qui fait de nous un guichet unique pour tous vos&hellip;<\/p>\n","protected":false},"author":1,"featured_media":403,"parent":0,"menu_order":0,"comment_status":"closed","ping_status":"closed","template":"","meta":{"footnotes":""},"class_list":["post-362","page","type-page","status-publish","has-post-thumbnail","hentry","entry"],"_links":{"self":[{"href":"https:\/\/twmg.net\/partner-fr\/wp-json\/wp\/v2\/pages\/362","targetHints":{"allow":["GET"]}}],"collection":[{"href":"https:\/\/twmg.net\/partner-fr\/wp-json\/wp\/v2\/pages"}],"about":[{"href":"https:\/\/twmg.net\/partner-fr\/wp-json\/wp\/v2\/types\/page"}],"author":[{"embeddable":true,"href":"https:\/\/twmg.net\/partner-fr\/wp-json\/wp\/v2\/users\/1"}],"replies":[{"embeddable":true,"href":"https:\/\/twmg.net\/partner-fr\/wp-json\/wp\/v2\/comments?post=362"}],"version-history":[{"count":16,"href":"https:\/\/twmg.net\/partner-fr\/wp-json\/wp\/v2\/pages\/362\/revisions"}],"predecessor-version":[{"id":422,"href":"https:\/\/twmg.net\/partner-fr\/wp-json\/wp\/v2\/pages\/362\/revisions\/422"}],"wp:featuredmedia":[{"embeddable":true,"href":"https:\/\/twmg.net\/partner-fr\/wp-json\/wp\/v2\/media\/403"}],"wp:attachment":[{"href":"https:\/\/twmg.net\/partner-fr\/wp-json\/wp\/v2\/media?parent=362"}],"curies":[{"name":"wp","href":"https:\/\/api.w.org\/{rel}","templated":true}]}}