{"id":299,"date":"2015-03-02T17:38:42","date_gmt":"2015-03-02T17:38:42","guid":{"rendered":"https:\/\/demo.theme-junkie.com\/flatline\/?page_id=299"},"modified":"2024-09-11T15:27:13","modified_gmt":"2024-09-11T15:27:13","slug":"lead-generation","status":"publish","type":"page","link":"https:\/\/twmg.net\/partner-fr\/lead-generation\/","title":{"rendered":"G\u00e9n\u00e9ration de leads"},"content":{"rendered":"\n<blockquote class=\"wp-block-quote has-medium-font-size is-layout-flow wp-block-quote-is-layout-flow\">\n<p class=\"has-medium-font-size\">En tant que guichet unique, la g\u00e9n\u00e9ration de leads chez TWMG Inc. est un processus qui allie ventes, r\u00e9seautage et marketing, au sein de notre r\u00e9seau professionnel, pour attirer des clients potentiels vers nous et tout ce que nous offrons. L&#8217;objectif de la g\u00e9n\u00e9ration de leads est de susciter l&#8217;int\u00e9r\u00eat des clients pour tous nos produits et services et de les convertir en clients fid\u00e8les.&nbsp;<\/p>\n<\/blockquote>\n\n\n\n<p class=\"has-medium-font-size\"><strong>Avantages de la g\u00e9n\u00e9ration de leads chez TWMG Inc.<\/strong><\/p>\n\n\n\n<p class=\"has-medium-font-size\">Un bon syst\u00e8me de g\u00e9n\u00e9ration de leads peut faciliter la croissance de votre entreprise. Vous pouvez gagner en visibilit\u00e9 sur le march\u00e9, attirer des clients align\u00e9s, et les guider facilement pour devenir des clients fid\u00e8les, tout en lib\u00e9rant plus de temps et d&#8217;\u00e9nergie pour vous concentrer sur ce que vous faites de mieux.<\/p>\n\n\n\n<p class=\"has-medium-font-size\"><strong>CR\u00c9ONS UN SUCC\u00c8S DOUX ENSEMBLE<\/strong><\/p>\n\n\n\n<p class=\"has-medium-font-size\"><a href=\"https:\/\/twmg.net\/partner-fr\/contact\/\">Rejoignez notre r\u00e9seau<\/a> en <a href=\"https:\/\/twmg.net\/partner-fr\/investissements\u00e9\">investissements<\/a> ou d&#8217;autres <a href=\"https:\/\/twmg.net\/partner-fr\/professionnels\/\">professionnels<\/a><\/p>\n","protected":false},"excerpt":{"rendered":"<p>Participez \u00e0 une nouvelle g\u00e9n\u00e9ration de leads pour d\u00e9velopper vos affaires et am\u00e9liorer votre carri\u00e8re.<\/p>\n","protected":false},"author":1,"featured_media":404,"parent":0,"menu_order":0,"comment_status":"closed","ping_status":"open","template":"","meta":{"footnotes":""},"class_list":["post-299","page","type-page","status-publish","has-post-thumbnail","hentry","entry"],"_links":{"self":[{"href":"https:\/\/twmg.net\/partner-fr\/wp-json\/wp\/v2\/pages\/299","targetHints":{"allow":["GET"]}}],"collection":[{"href":"https:\/\/twmg.net\/partner-fr\/wp-json\/wp\/v2\/pages"}],"about":[{"href":"https:\/\/twmg.net\/partner-fr\/wp-json\/wp\/v2\/types\/page"}],"author":[{"embeddable":true,"href":"https:\/\/twmg.net\/partner-fr\/wp-json\/wp\/v2\/users\/1"}],"replies":[{"embeddable":true,"href":"https:\/\/twmg.net\/partner-fr\/wp-json\/wp\/v2\/comments?post=299"}],"version-history":[{"count":6,"href":"https:\/\/twmg.net\/partner-fr\/wp-json\/wp\/v2\/pages\/299\/revisions"}],"predecessor-version":[{"id":426,"href":"https:\/\/twmg.net\/partner-fr\/wp-json\/wp\/v2\/pages\/299\/revisions\/426"}],"wp:featuredmedia":[{"embeddable":true,"href":"https:\/\/twmg.net\/partner-fr\/wp-json\/wp\/v2\/media\/404"}],"wp:attachment":[{"href":"https:\/\/twmg.net\/partner-fr\/wp-json\/wp\/v2\/media?parent=299"}],"curies":[{"name":"wp","href":"https:\/\/api.w.org\/{rel}","templated":true}]}}